{"id":971,"date":"2025-05-19T15:10:26","date_gmt":"2025-05-19T20:10:26","guid":{"rendered":"https:\/\/chebspanama.org\/inicio\/?page_id=971"},"modified":"2025-05-19T15:17:10","modified_gmt":"2025-05-19T20:17:10","slug":"nuestra-historia","status":"publish","type":"page","link":"https:\/\/chebspanama.org\/inicio\/nuestra-historia\/","title":{"rendered":"Nuestra Historia"},"content":{"rendered":"\t\t<div data-elementor-type=\"wp-page\" data-elementor-id=\"971\" class=\"elementor elementor-971\" data-elementor-post-type=\"page\">\n\t\t\t\t<div class=\"elementor-element elementor-element-8b280ce e-flex e-con-boxed e-con e-parent\" data-id=\"8b280ce\" data-element_type=\"container\" data-e-type=\"container\">\n\t\t\t\t\t<div class=\"e-con-inner\">\n\t\t<div class=\"elementor-element elementor-element-7576e58 e-con-full e-flex e-con e-child\" data-id=\"7576e58\" data-element_type=\"container\" data-e-type=\"container\" data-settings=\"{&quot;background_background&quot;:&quot;classic&quot;}\">\n\t\t\t\t<div class=\"elementor-element elementor-element-0c8d5dd elementor-invisible elementor-widget elementor-widget-heading\" data-id=\"0c8d5dd\" data-element_type=\"widget\" data-e-type=\"widget\" data-settings=\"{&quot;_animation&quot;:&quot;fadeIn&quot;}\" data-widget_type=\"heading.default\">\n\t\t\t\t<div class=\"elementor-widget-container\">\n\t\t\t\t\t<h2 class=\"elementor-heading-title elementor-size-default\">Nuestra Historia<\/h2>\t\t\t\t<\/div>\n\t\t\t\t<\/div>\n\t\t\t\t<\/div>\n\t\t\t\t\t<\/div>\n\t\t\t\t<\/div>\n\t\t<div class=\"elementor-element elementor-element-b612453 e-flex e-con-boxed e-con e-parent\" data-id=\"b612453\" data-element_type=\"container\" data-e-type=\"container\">\n\t\t\t\t\t<div class=\"e-con-inner\">\n\t\t<div class=\"elementor-element elementor-element-a7c20ca e-con-full e-flex e-con e-child\" data-id=\"a7c20ca\" data-element_type=\"container\" data-e-type=\"container\" data-settings=\"{&quot;background_background&quot;:&quot;classic&quot;}\">\n\t\t\t\t<div class=\"elementor-element elementor-element-c2dc36b elementor-widget elementor-widget-text-editor\" data-id=\"c2dc36b\" data-element_type=\"widget\" data-e-type=\"widget\" data-widget_type=\"text-editor.default\">\n\t\t\t\t<div class=\"elementor-widget-container\">\n\t\t\t\t\t\t\t\t\t<p>En 1989 su Santidad el Papa Juan Pablo II, en su alocucio\u0301n ante la IV Conferencia Internacional sobre SIDA: \u201cVivir, \u00bfpara que\u0301?\u201d propiciada por el Pontificio Consejo para la Pastoral de los Agentes Sanitarios, hizo un lla- mado a la comunidad cristiana para que reaccionara ante la amenaza del SIDA, y ofreciera su comprensio\u0301n y apoyo a las personas afectadas, para que e\u0301stas no se sientan solas y puedan por medio de la Iglesia, sentir la presencia de Cristo que les llama y les dice: \u201cvengan a mi\u0301 todos los que esta\u0301n fatigados y sobrecargados, y yo les dare\u0301 descanso\u201d (Mt. 11,28).<\/p><p>Tambie\u0301n nos sen\u0303ala que debemos practicar la hospitalidad y promover y sostener todas las iniciativas que exal- tan la grandeza y la dignidad de la persona y de su destino eterno.<\/p><p>Ante este llamado nace la Fundacio\u0301n Casa Hogar El Buen Samaritano, obra de la Arquidio\u0301cesis de Panama\u0301, y entidad sin fines de lucro, que se fundamenta en el amor a Dios y al pro\u0301jimo, y que pretende ofrecer esa com- prensio\u0301n y apoyo a las personas que viven con el VIH\/sida (PVVS).<\/p>\t\t\t\t\t\t\t\t<\/div>\n\t\t\t\t<\/div>\n\t\t\t\t<div class=\"elementor-element elementor-element-ac8ea12 elementor-invisible elementor-widget elementor-widget-text-editor\" data-id=\"ac8ea12\" data-element_type=\"widget\" data-e-type=\"widget\" data-settings=\"{&quot;_animation&quot;:&quot;fadeIn&quot;}\" data-widget_type=\"text-editor.default\">\n\t\t\t\t<div class=\"elementor-widget-container\">\n\t\t\t\t\t\t\t\t\t<p style=\"text-align: center;\"><img fetchpriority=\"high\" decoding=\"async\" class=\"size-full wp-image-455 aligncenter\" src=\"https:\/\/chebspanama.org\/inicio\/wp-content\/uploads\/2025\/05\/casa-chebs-2.jpg\" alt=\"\" width=\"775\" height=\"517\" srcset=\"https:\/\/chebspanama.org\/inicio\/wp-content\/uploads\/2025\/05\/casa-chebs-2.jpg 775w, https:\/\/chebspanama.org\/inicio\/wp-content\/uploads\/2025\/05\/casa-chebs-2-300x200.jpg 300w, https:\/\/chebspanama.org\/inicio\/wp-content\/uploads\/2025\/05\/casa-chebs-2-768x512.jpg 768w, https:\/\/chebspanama.org\/inicio\/wp-content\/uploads\/2025\/05\/casa-chebs-2-600x400.jpg 600w\" sizes=\"(max-width: 775px) 100vw, 775px\" \/><\/p>\t\t\t\t\t\t\t\t<\/div>\n\t\t\t\t<\/div>\n\t\t\t\t<\/div>\n\t\t\t\t\t<\/div>\n\t\t\t\t<\/div>\n\t\t<div class=\"elementor-element elementor-element-dca84e8 e-flex e-con-boxed e-con e-parent\" data-id=\"dca84e8\" data-element_type=\"container\" data-e-type=\"container\">\n\t\t\t\t\t<div class=\"e-con-inner\">\n\t\t<div class=\"elementor-element elementor-element-8330754 e-con-full e-flex e-con e-child\" data-id=\"8330754\" data-element_type=\"container\" data-e-type=\"container\" data-settings=\"{&quot;background_background&quot;:&quot;classic&quot;}\">\n\t\t\t\t<div class=\"elementor-element elementor-element-38921fa elementor-widget elementor-widget-theme-site-logo elementor-widget-image\" data-id=\"38921fa\" data-element_type=\"widget\" data-e-type=\"widget\" data-widget_type=\"theme-site-logo.default\">\n\t\t\t\t<div class=\"elementor-widget-container\">\n\t\t\t\t\t\t\t\t\t\t\t<a href=\"https:\/\/chebspanama.org\/inicio\">\n\t\t\t<img decoding=\"async\" width=\"400\" height=\"100\" src=\"https:\/\/chebspanama.org\/inicio\/wp-content\/uploads\/2025\/05\/logo.png\" class=\"attachment-full size-full wp-image-58\" alt=\"\" srcset=\"https:\/\/chebspanama.org\/inicio\/wp-content\/uploads\/2025\/05\/logo.png 400w, https:\/\/chebspanama.org\/inicio\/wp-content\/uploads\/2025\/05\/logo-300x75.png 300w\" sizes=\"(max-width: 400px) 100vw, 400px\" \/>\t\t\t\t<\/a>\n\t\t\t\t\t\t\t\t\t\t\t<\/div>\n\t\t\t\t<\/div>\n\t\t\t\t<\/div>\n\t\t<div class=\"elementor-element elementor-element-67c6b48 e-con-full e-flex e-con e-child\" data-id=\"67c6b48\" data-element_type=\"container\" data-e-type=\"container\" data-settings=\"{&quot;background_background&quot;:&quot;classic&quot;}\">\n\t\t\t\t<div class=\"elementor-element elementor-element-1b614e5 elementor-widget elementor-widget-text-editor\" data-id=\"1b614e5\" data-element_type=\"widget\" data-e-type=\"widget\" data-widget_type=\"text-editor.default\">\n\t\t\t\t<div class=\"elementor-widget-container\">\n\t\t\t\t\t\t\t\t\t<p>Juan D\u00edaz, calle 4ta, transversal tercera (Bajando por la iglesia El Carmen),\u00a0Panam\u00e1, Rep\u00fablica de Panam\u00e1<\/p><p>N\u00famero de Tel\u00e9fono: 220-5815<\/p><p>E-Mail:\u00a0chebs_@hotmail.com<\/p>\t\t\t\t\t\t\t\t<\/div>\n\t\t\t\t<\/div>\n\t\t\t\t<\/div>\n\t\t\t\t\t<\/div>\n\t\t\t\t<\/div>\n\t\t\t\t<\/div>\n\t\t","protected":false},"excerpt":{"rendered":"<p>Nuestra Historia En 1989 su Santidad el Papa Juan Pablo II, en su alocucio\u0301n ante la IV Conferencia Internacional sobre SIDA: \u201cVivir, \u00bfpara que\u0301?\u201d propiciada por el Pontificio Consejo para la Pastoral de los Agentes Sanitarios, hizo un lla- mado a la comunidad cristiana para que reaccionara ante la amenaza del SIDA, y ofreciera su [&hellip;]<\/p>\n","protected":false},"author":1,"featured_media":0,"parent":0,"menu_order":0,"comment_status":"closed","ping_status":"closed","template":"elementor_header_footer","meta":{"footnotes":""},"class_list":["post-971","page","type-page","status-publish","hentry","entry"],"yoast_head":"<!-- This site is optimized with the Yoast SEO plugin v27.2 - https:\/\/yoast.com\/product\/yoast-seo-wordpress\/ -->\n<title>Nuestra Historia -<\/title>\n<meta name=\"robots\" content=\"index, follow, max-snippet:-1, max-image-preview:large, max-video-preview:-1\" \/>\n<link rel=\"canonical\" href=\"https:\/\/chebspanama.org\/inicio\/nuestra-historia\/\" \/>\n<meta property=\"og:locale\" content=\"es_ES\" \/>\n<meta property=\"og:type\" content=\"article\" \/>\n<meta property=\"og:title\" content=\"Nuestra Historia -\" \/>\n<meta property=\"og:description\" content=\"Nuestra Historia En 1989 su Santidad el Papa Juan Pablo II, en su alocucio\u0301n ante la IV Conferencia Internacional sobre SIDA: \u201cVivir, \u00bfpara que\u0301?\u201d propiciada por el Pontificio Consejo para la Pastoral de los Agentes Sanitarios, hizo un lla- mado a la comunidad cristiana para que reaccionara ante la amenaza del SIDA, y ofreciera su [&hellip;]\" \/>\n<meta property=\"og:url\" content=\"https:\/\/chebspanama.org\/inicio\/nuestra-historia\/\" \/>\n<meta property=\"article:modified_time\" content=\"2025-05-19T20:17:10+00:00\" \/>\n<meta property=\"og:image\" content=\"https:\/\/chebspanama.org\/inicio\/wp-content\/uploads\/2025\/05\/casa-chebs-2.jpg\" \/>\n\t<meta property=\"og:image:width\" content=\"775\" \/>\n\t<meta property=\"og:image:height\" content=\"517\" \/>\n\t<meta property=\"og:image:type\" content=\"image\/jpeg\" \/>\n<meta name=\"twitter:card\" content=\"summary_large_image\" \/>\n<meta name=\"twitter:label1\" content=\"Tiempo de lectura\" \/>\n\t<meta name=\"twitter:data1\" content=\"1 minuto\" \/>\n<script type=\"application\/ld+json\" class=\"yoast-schema-graph\">{\"@context\":\"https:\/\/schema.org\",\"@graph\":[{\"@type\":\"WebPage\",\"@id\":\"https:\/\/chebspanama.org\/inicio\/nuestra-historia\/\",\"url\":\"https:\/\/chebspanama.org\/inicio\/nuestra-historia\/\",\"name\":\"Nuestra Historia -\",\"isPartOf\":{\"@id\":\"https:\/\/chebspanama.org\/inicio\/#website\"},\"primaryImageOfPage\":{\"@id\":\"https:\/\/chebspanama.org\/inicio\/nuestra-historia\/#primaryimage\"},\"image\":{\"@id\":\"https:\/\/chebspanama.org\/inicio\/nuestra-historia\/#primaryimage\"},\"thumbnailUrl\":\"https:\/\/chebspanama.org\/inicio\/wp-content\/uploads\/2025\/05\/casa-chebs-2.jpg\",\"datePublished\":\"2025-05-19T20:10:26+00:00\",\"dateModified\":\"2025-05-19T20:17:10+00:00\",\"breadcrumb\":{\"@id\":\"https:\/\/chebspanama.org\/inicio\/nuestra-historia\/#breadcrumb\"},\"inLanguage\":\"es\",\"potentialAction\":[{\"@type\":\"ReadAction\",\"target\":[\"https:\/\/chebspanama.org\/inicio\/nuestra-historia\/\"]}]},{\"@type\":\"ImageObject\",\"inLanguage\":\"es\",\"@id\":\"https:\/\/chebspanama.org\/inicio\/nuestra-historia\/#primaryimage\",\"url\":\"https:\/\/chebspanama.org\/inicio\/wp-content\/uploads\/2025\/05\/casa-chebs-2.jpg\",\"contentUrl\":\"https:\/\/chebspanama.org\/inicio\/wp-content\/uploads\/2025\/05\/casa-chebs-2.jpg\"},{\"@type\":\"BreadcrumbList\",\"@id\":\"https:\/\/chebspanama.org\/inicio\/nuestra-historia\/#breadcrumb\",\"itemListElement\":[{\"@type\":\"ListItem\",\"position\":1,\"name\":\"Portada\",\"item\":\"https:\/\/chebspanama.org\/inicio\/\"},{\"@type\":\"ListItem\",\"position\":2,\"name\":\"Nuestra Historia\"}]},{\"@type\":\"WebSite\",\"@id\":\"https:\/\/chebspanama.org\/inicio\/#website\",\"url\":\"https:\/\/chebspanama.org\/inicio\/\",\"name\":\"\",\"description\":\"\",\"potentialAction\":[{\"@type\":\"SearchAction\",\"target\":{\"@type\":\"EntryPoint\",\"urlTemplate\":\"https:\/\/chebspanama.org\/inicio\/?s={search_term_string}\"},\"query-input\":{\"@type\":\"PropertyValueSpecification\",\"valueRequired\":true,\"valueName\":\"search_term_string\"}}],\"inLanguage\":\"es\"}]}<\/script>\n<!-- \/ Yoast SEO plugin. -->","yoast_head_json":{"title":"Nuestra Historia -","robots":{"index":"index","follow":"follow","max-snippet":"max-snippet:-1","max-image-preview":"max-image-preview:large","max-video-preview":"max-video-preview:-1"},"canonical":"https:\/\/chebspanama.org\/inicio\/nuestra-historia\/","og_locale":"es_ES","og_type":"article","og_title":"Nuestra Historia -","og_description":"Nuestra Historia En 1989 su Santidad el Papa Juan Pablo II, en su alocucio\u0301n ante la IV Conferencia Internacional sobre SIDA: \u201cVivir, \u00bfpara que\u0301?\u201d propiciada por el Pontificio Consejo para la Pastoral de los Agentes Sanitarios, hizo un lla- mado a la comunidad cristiana para que reaccionara ante la amenaza del SIDA, y ofreciera su [&hellip;]","og_url":"https:\/\/chebspanama.org\/inicio\/nuestra-historia\/","article_modified_time":"2025-05-19T20:17:10+00:00","og_image":[{"width":775,"height":517,"url":"https:\/\/chebspanama.org\/inicio\/wp-content\/uploads\/2025\/05\/casa-chebs-2.jpg","type":"image\/jpeg"}],"twitter_card":"summary_large_image","twitter_misc":{"Tiempo de lectura":"1 minuto"},"schema":{"@context":"https:\/\/schema.org","@graph":[{"@type":"WebPage","@id":"https:\/\/chebspanama.org\/inicio\/nuestra-historia\/","url":"https:\/\/chebspanama.org\/inicio\/nuestra-historia\/","name":"Nuestra Historia -","isPartOf":{"@id":"https:\/\/chebspanama.org\/inicio\/#website"},"primaryImageOfPage":{"@id":"https:\/\/chebspanama.org\/inicio\/nuestra-historia\/#primaryimage"},"image":{"@id":"https:\/\/chebspanama.org\/inicio\/nuestra-historia\/#primaryimage"},"thumbnailUrl":"https:\/\/chebspanama.org\/inicio\/wp-content\/uploads\/2025\/05\/casa-chebs-2.jpg","datePublished":"2025-05-19T20:10:26+00:00","dateModified":"2025-05-19T20:17:10+00:00","breadcrumb":{"@id":"https:\/\/chebspanama.org\/inicio\/nuestra-historia\/#breadcrumb"},"inLanguage":"es","potentialAction":[{"@type":"ReadAction","target":["https:\/\/chebspanama.org\/inicio\/nuestra-historia\/"]}]},{"@type":"ImageObject","inLanguage":"es","@id":"https:\/\/chebspanama.org\/inicio\/nuestra-historia\/#primaryimage","url":"https:\/\/chebspanama.org\/inicio\/wp-content\/uploads\/2025\/05\/casa-chebs-2.jpg","contentUrl":"https:\/\/chebspanama.org\/inicio\/wp-content\/uploads\/2025\/05\/casa-chebs-2.jpg"},{"@type":"BreadcrumbList","@id":"https:\/\/chebspanama.org\/inicio\/nuestra-historia\/#breadcrumb","itemListElement":[{"@type":"ListItem","position":1,"name":"Portada","item":"https:\/\/chebspanama.org\/inicio\/"},{"@type":"ListItem","position":2,"name":"Nuestra Historia"}]},{"@type":"WebSite","@id":"https:\/\/chebspanama.org\/inicio\/#website","url":"https:\/\/chebspanama.org\/inicio\/","name":"","description":"","potentialAction":[{"@type":"SearchAction","target":{"@type":"EntryPoint","urlTemplate":"https:\/\/chebspanama.org\/inicio\/?s={search_term_string}"},"query-input":{"@type":"PropertyValueSpecification","valueRequired":true,"valueName":"search_term_string"}}],"inLanguage":"es"}]}},"_links":{"self":[{"href":"https:\/\/chebspanama.org\/inicio\/wp-json\/wp\/v2\/pages\/971","targetHints":{"allow":["GET"]}}],"collection":[{"href":"https:\/\/chebspanama.org\/inicio\/wp-json\/wp\/v2\/pages"}],"about":[{"href":"https:\/\/chebspanama.org\/inicio\/wp-json\/wp\/v2\/types\/page"}],"author":[{"embeddable":true,"href":"https:\/\/chebspanama.org\/inicio\/wp-json\/wp\/v2\/users\/1"}],"replies":[{"embeddable":true,"href":"https:\/\/chebspanama.org\/inicio\/wp-json\/wp\/v2\/comments?post=971"}],"version-history":[{"count":10,"href":"https:\/\/chebspanama.org\/inicio\/wp-json\/wp\/v2\/pages\/971\/revisions"}],"predecessor-version":[{"id":982,"href":"https:\/\/chebspanama.org\/inicio\/wp-json\/wp\/v2\/pages\/971\/revisions\/982"}],"wp:attachment":[{"href":"https:\/\/chebspanama.org\/inicio\/wp-json\/wp\/v2\/media?parent=971"}],"curies":[{"name":"wp","href":"https:\/\/api.w.org\/{rel}","templated":true}]}}