{"id":863,"date":"2025-05-15T12:19:09","date_gmt":"2025-05-15T17:19:09","guid":{"rendered":"https:\/\/chebspanama.org\/inicio\/?page_id=863"},"modified":"2025-05-19T14:48:11","modified_gmt":"2025-05-19T19:48:11","slug":"donaciones-2","status":"publish","type":"page","link":"https:\/\/chebspanama.org\/inicio\/donaciones-2\/","title":{"rendered":"Donaciones"},"content":{"rendered":"\t\t<div data-elementor-type=\"wp-page\" data-elementor-id=\"863\" class=\"elementor elementor-863\" data-elementor-post-type=\"page\">\n\t\t\t\t<div class=\"elementor-element elementor-element-727c4de e-flex e-con-boxed e-con e-parent\" data-id=\"727c4de\" data-element_type=\"container\" data-e-type=\"container\" data-settings=\"{&quot;background_background&quot;:&quot;classic&quot;}\">\n\t\t\t\t\t<div class=\"e-con-inner\">\n\t\t<div class=\"elementor-element elementor-element-45bd752 e-con-full e-flex e-con e-child\" data-id=\"45bd752\" data-element_type=\"container\" data-e-type=\"container\" data-settings=\"{&quot;background_background&quot;:&quot;classic&quot;}\">\n\t\t\t\t<\/div>\n\t\t\t\t\t<\/div>\n\t\t\t\t<\/div>\n\t\t<div class=\"elementor-element elementor-element-b4ec2a2 e-flex e-con-boxed e-con e-parent\" data-id=\"b4ec2a2\" data-element_type=\"container\" data-e-type=\"container\">\n\t\t\t\t\t<div class=\"e-con-inner\">\n\t\t<div class=\"elementor-element elementor-element-6ae60d6 e-con-full e-flex e-con e-child\" data-id=\"6ae60d6\" data-element_type=\"container\" data-e-type=\"container\">\n\t\t\t\t<div class=\"elementor-element elementor-element-de8fe54 elementor-invisible elementor-widget elementor-widget-heading\" data-id=\"de8fe54\" data-element_type=\"widget\" data-e-type=\"widget\" data-settings=\"{&quot;_animation&quot;:&quot;fadeIn&quot;}\" data-widget_type=\"heading.default\">\n\t\t\t\t<div class=\"elementor-widget-container\">\n\t\t\t\t\t<h2 class=\"elementor-heading-title elementor-size-default\">Donaciones<\/h2>\t\t\t\t<\/div>\n\t\t\t\t<\/div>\n\t\t\t\t<\/div>\n\t\t\t\t\t<\/div>\n\t\t\t\t<\/div>\n\t\t<div class=\"elementor-element elementor-element-5cc3ed2 e-flex e-con-boxed elementor-invisible e-con e-parent\" data-id=\"5cc3ed2\" data-element_type=\"container\" data-e-type=\"container\" data-settings=\"{&quot;animation&quot;:&quot;fadeInUp&quot;}\">\n\t\t\t\t\t<div class=\"e-con-inner\">\n\t\t<div class=\"elementor-element elementor-element-32e45f9 e-con-full e-flex e-con e-child\" data-id=\"32e45f9\" data-element_type=\"container\" data-e-type=\"container\">\n\t\t\t\t<div class=\"elementor-element elementor-element-319ab65 elementor-widget elementor-widget-text-editor\" data-id=\"319ab65\" data-element_type=\"widget\" data-e-type=\"widget\" data-widget_type=\"text-editor.default\">\n\t\t\t\t<div class=\"elementor-widget-container\">\n\t\t\t\t\t\t\t\t\t\u00abDios ama al que da con alegr\u00eda y poderoso es para bendecirles de mil maneras, de modo que nunca les falte nada y pueden coolaborar en toda obra buena.\n\nDen con generocidad y nosotros lo transformaremos en acciones de gracias a Dios\u00bb\t\t\t\t\t\t\t\t<\/div>\n\t\t\t\t<\/div>\n\t\t\t\t<div class=\"elementor-element elementor-element-acd887f elementor-widget elementor-widget-text-editor\" data-id=\"acd887f\" data-element_type=\"widget\" data-e-type=\"widget\" data-widget_type=\"text-editor.default\">\n\t\t\t\t<div class=\"elementor-widget-container\">\n\t\t\t\t\t\t\t\t\t<div class=\"fl-module fl-module-rich-text fl-node-5e5ffec03ff2b\" data-node=\"5e5ffec03ff2b\"><div class=\"fl-module-content fl-node-content\"><div class=\"fl-rich-text\"><div class=\"page\" title=\"Page 25\"><div class=\"section\"><div class=\"layoutArea\"><div class=\"column\"><p>2 Corintios 9:7,11<\/p><\/div><\/div><\/div><\/div><\/div><\/div><\/div>\t\t\t\t\t\t\t\t<\/div>\n\t\t\t\t<\/div>\n\t\t\t\t<\/div>\n\t\t\t\t\t<\/div>\n\t\t\t\t<\/div>\n\t\t<div class=\"elementor-element elementor-element-fd88431 e-flex e-con-boxed elementor-invisible e-con e-parent\" data-id=\"fd88431\" data-element_type=\"container\" data-e-type=\"container\" data-settings=\"{&quot;animation&quot;:&quot;fadeIn&quot;}\">\n\t\t\t\t\t<div class=\"e-con-inner\">\n\t\t<div class=\"elementor-element elementor-element-6a6f0fa e-con-full e-flex e-con e-child\" data-id=\"6a6f0fa\" data-element_type=\"container\" data-e-type=\"container\">\n\t\t\t\t<div class=\"elementor-element elementor-element-23b50a9 elementor-widget elementor-widget-heading\" data-id=\"23b50a9\" data-element_type=\"widget\" data-e-type=\"widget\" data-widget_type=\"heading.default\">\n\t\t\t\t<div class=\"elementor-widget-container\">\n\t\t\t\t\t<div class=\"elementor-heading-title elementor-size-default\">\u00a1NECESITAMOS TU AYUDA!<\/div>\t\t\t\t<\/div>\n\t\t\t\t<\/div>\n\t\t\t\t<\/div>\n\t\t\t\t\t<\/div>\n\t\t\t\t<\/div>\n\t\t<div class=\"elementor-element elementor-element-cbda9e6 e-flex e-con-boxed e-con e-parent\" data-id=\"cbda9e6\" data-element_type=\"container\" data-e-type=\"container\">\n\t\t\t\t\t<div class=\"e-con-inner\">\n\t\t<div class=\"elementor-element elementor-element-e2fa406 e-con-full e-flex e-con e-child\" data-id=\"e2fa406\" data-element_type=\"container\" data-e-type=\"container\" data-settings=\"{&quot;background_background&quot;:&quot;classic&quot;}\">\n\t\t\t\t<div class=\"elementor-element elementor-element-99f2236 elementor-invisible elementor-widget elementor-widget-heading\" data-id=\"99f2236\" data-element_type=\"widget\" data-e-type=\"widget\" data-settings=\"{&quot;_animation&quot;:&quot;fadeIn&quot;}\" data-widget_type=\"heading.default\">\n\t\t\t\t<div class=\"elementor-widget-container\">\n\t\t\t\t\t<h2 class=\"elementor-heading-title elementor-size-default\">Contribuya solidariamente con la sostenibilidad de la Casa Hogar el Buen Samaritano<\/h2>\t\t\t\t<\/div>\n\t\t\t\t<\/div>\n\t\t\t\t<\/div>\n\t\t\t\t\t<\/div>\n\t\t\t\t<\/div>\n\t\t<div class=\"elementor-element elementor-element-2724fde e-flex e-con-boxed e-con e-parent\" data-id=\"2724fde\" data-element_type=\"container\" data-e-type=\"container\">\n\t\t\t\t\t<div class=\"e-con-inner\">\n\t\t<div class=\"elementor-element elementor-element-58cf7b9 e-con-full e-flex e-con e-child\" data-id=\"58cf7b9\" data-element_type=\"container\" data-e-type=\"container\" data-settings=\"{&quot;background_background&quot;:&quot;classic&quot;}\">\n\t\t\t\t<div class=\"elementor-element elementor-element-67d1c23 elementor-widget elementor-widget-heading\" data-id=\"67d1c23\" data-element_type=\"widget\" data-e-type=\"widget\" data-widget_type=\"heading.default\">\n\t\t\t\t<div class=\"elementor-widget-container\">\n\t\t\t\t\t<h3 class=\"elementor-heading-title elementor-size-default\">EN EFECTIVO<\/h3>\t\t\t\t<\/div>\n\t\t\t\t<\/div>\n\t\t\t\t<div class=\"elementor-element elementor-element-95c0234 elementor-widget elementor-widget-text-editor\" data-id=\"95c0234\" data-element_type=\"widget\" data-e-type=\"widget\" data-widget_type=\"text-editor.default\">\n\t\t\t\t<div class=\"elementor-widget-container\">\n\t\t\t\t\t\t\t\t\t<p>Puede hacer tus donaciones en efectivo directamente en las oficinas del Hogar. Se les entrega un recibo.<\/p>\t\t\t\t\t\t\t\t<\/div>\n\t\t\t\t<\/div>\n\t\t\t\t<\/div>\n\t\t<div class=\"elementor-element elementor-element-7d814c0 e-con-full e-flex e-con e-child\" data-id=\"7d814c0\" data-element_type=\"container\" data-e-type=\"container\" data-settings=\"{&quot;background_background&quot;:&quot;classic&quot;}\">\n\t\t\t\t<div class=\"elementor-element elementor-element-bc53b08 elementor-widget elementor-widget-heading\" data-id=\"bc53b08\" data-element_type=\"widget\" data-e-type=\"widget\" data-widget_type=\"heading.default\">\n\t\t\t\t<div class=\"elementor-widget-container\">\n\t\t\t\t\t<h3 class=\"elementor-heading-title elementor-size-default\">POR ACH BANCARIO<\/h3>\t\t\t\t<\/div>\n\t\t\t\t<\/div>\n\t\t\t\t<div class=\"elementor-element elementor-element-391921e elementor-widget elementor-widget-text-editor\" data-id=\"391921e\" data-element_type=\"widget\" data-e-type=\"widget\" data-widget_type=\"text-editor.default\">\n\t\t\t\t<div class=\"elementor-widget-container\">\n\t\t\t\t\t\t\t\t\t<p>Transferencias (ACH) a nuestra\u00a0<strong>Cuenta de Ahorros del\u00a0Banco General:<\/strong><\/p><p><strong>04-41-01-127546-1<\/strong><\/p><p><strong>a nombre de Fundaci\u00f3n Casa Hogar El Buen Samaritano<\/strong>.<\/p>\t\t\t\t\t\t\t\t<\/div>\n\t\t\t\t<\/div>\n\t\t\t\t<\/div>\n\t\t\t\t\t<\/div>\n\t\t\t\t<\/div>\n\t\t<div class=\"elementor-element elementor-element-35baec9 e-flex e-con-boxed e-con e-parent\" data-id=\"35baec9\" data-element_type=\"container\" data-e-type=\"container\">\n\t\t\t\t\t<div class=\"e-con-inner\">\n\t\t<div class=\"elementor-element elementor-element-44498d7 e-con-full e-flex e-con e-child\" data-id=\"44498d7\" data-element_type=\"container\" data-e-type=\"container\" data-settings=\"{&quot;background_background&quot;:&quot;classic&quot;}\">\n\t\t\t\t<div class=\"elementor-element elementor-element-7ab641d elementor-invisible elementor-widget elementor-widget-heading\" data-id=\"7ab641d\" data-element_type=\"widget\" data-e-type=\"widget\" data-settings=\"{&quot;_animation&quot;:&quot;fadeInUp&quot;}\" data-widget_type=\"heading.default\">\n\t\t\t\t<div class=\"elementor-widget-container\">\n\t\t\t\t\t<h3 class=\"elementor-heading-title elementor-size-default\">\u00bfEn que apoyar\u00e1 su donaci\u00f3n?<\/h3>\t\t\t\t<\/div>\n\t\t\t\t<\/div>\n\t\t\t\t<\/div>\n\t\t\t\t\t<\/div>\n\t\t\t\t<\/div>\n\t\t<div class=\"elementor-element elementor-element-3e8166b e-flex e-con-boxed e-con e-parent\" data-id=\"3e8166b\" data-element_type=\"container\" data-e-type=\"container\">\n\t\t\t\t\t<div class=\"e-con-inner\">\n\t\t<div class=\"elementor-element elementor-element-770906b e-con-full e-flex e-con e-child\" data-id=\"770906b\" data-element_type=\"container\" data-e-type=\"container\" data-settings=\"{&quot;background_background&quot;:&quot;classic&quot;}\">\n\t\t\t\t<div class=\"elementor-element elementor-element-956e795 elementor-widget elementor-widget-text-editor\" data-id=\"956e795\" data-element_type=\"widget\" data-e-type=\"widget\" data-widget_type=\"text-editor.default\">\n\t\t\t\t<div class=\"elementor-widget-container\">\n\t\t\t\t\t\t\t\t\t<h1 class=\"fl-heading\"><span class=\"fl-heading-text\">La creaci\u00f3n de un albergue para j\u00f3venes con VIH\/SIDA.<\/span><\/h1>\t\t\t\t\t\t\t\t<\/div>\n\t\t\t\t<\/div>\n\t\t\t\t<\/div>\n\t\t\t\t\t<\/div>\n\t\t\t\t<\/div>\n\t\t<div class=\"elementor-element elementor-element-9a6c333 e-flex e-con-boxed e-con e-parent\" data-id=\"9a6c333\" data-element_type=\"container\" data-e-type=\"container\">\n\t\t\t\t\t<div class=\"e-con-inner\">\n\t\t<div class=\"elementor-element elementor-element-676c063 e-con-full e-flex elementor-invisible e-con e-child\" data-id=\"676c063\" data-element_type=\"container\" data-e-type=\"container\" data-settings=\"{&quot;background_background&quot;:&quot;classic&quot;,&quot;animation&quot;:&quot;fadeIn&quot;}\">\n\t\t\t\t<div class=\"elementor-element elementor-element-ade8536 elementor-widget elementor-widget-text-editor\" data-id=\"ade8536\" data-element_type=\"widget\" data-e-type=\"widget\" data-widget_type=\"text-editor.default\">\n\t\t\t\t<div class=\"elementor-widget-container\">\n\t\t\t\t\t\t\t\t\t<h1 class=\"fl-heading\"><span class=\"fl-heading-text\"><img fetchpriority=\"high\" decoding=\"async\" class=\"size-full wp-image-456 aligncenter\" src=\"https:\/\/chebspanama.org\/inicio\/wp-content\/uploads\/2025\/05\/chebs1.jpg\" alt=\"\" width=\"800\" height=\"534\" srcset=\"https:\/\/chebspanama.org\/inicio\/wp-content\/uploads\/2025\/05\/chebs1.jpg 800w, https:\/\/chebspanama.org\/inicio\/wp-content\/uploads\/2025\/05\/chebs1-300x200.jpg 300w, https:\/\/chebspanama.org\/inicio\/wp-content\/uploads\/2025\/05\/chebs1-768x513.jpg 768w, https:\/\/chebspanama.org\/inicio\/wp-content\/uploads\/2025\/05\/chebs1-600x400.jpg 600w\" sizes=\"(max-width: 800px) 100vw, 800px\" \/><\/span><\/h1>\t\t\t\t\t\t\t\t<\/div>\n\t\t\t\t<\/div>\n\t\t\t\t<div class=\"elementor-element elementor-element-c5caeb9 elementor-widget elementor-widget-text-editor\" data-id=\"c5caeb9\" data-element_type=\"widget\" data-e-type=\"widget\" data-widget_type=\"text-editor.default\">\n\t\t\t\t<div class=\"elementor-widget-container\">\n\t\t\t\t\t\t\t\t\t<p>Es alarmante el n\u00famero de infecciones por parte de las mujeres y de los adolescentes; y en nuestra pr\u00e1ctica vemos que la mayor parte de los beneficiarios externos son mujeres y los hijos de \u00e9stas.<\/p><p>CHEBS solamente tiene capacidad actual para 5 mujeres por lo que la mayor\u00eda recibe el apoyo externo, en bolsas ded comida, medic amentos, orientaci\u00f3n en general y empoderamiento.<\/p><p>En relaci\u00f3n con los adolescentes, en Panam\u00e1 no existen lugares para la atenci\u00f3n de estos grupos de edad; en especial cuando son varones, y que \u00e9stos tienen intereses y necesidades diferentes a un adulto.<\/p><p>Es aqu\u00ed cuando vemos necesaria y urgente la construcci\u00f3n de un lugar con las condiciones adecuadas para atenderles.<\/p><p>Actualmente este proyecto ya cuenta con el terreno, m\u00e1s no con el recurso monetario para el inicio de la obra. Esta nueva estructura ser\u00eda dividida en dos secciones una para adolescentes y otra para mujeres, separando a \u00e9stos de la<br \/>actual Casa Hogar el Buen Samaritano y de los residentes varones que all\u00ed viven.<\/p><p>La obra en menci\u00f3n ofrecera los servicios de capilla, comedor popular, salas de terapia ocupacional, albergue para personas en transito, etc.<\/p>\t\t\t\t\t\t\t\t<\/div>\n\t\t\t\t<\/div>\n\t\t\t\t<\/div>\n\t\t\t\t\t<\/div>\n\t\t\t\t<\/div>\n\t\t<div class=\"elementor-element elementor-element-dca84e8 e-flex e-con-boxed e-con e-parent\" data-id=\"dca84e8\" data-element_type=\"container\" data-e-type=\"container\">\n\t\t\t\t\t<div class=\"e-con-inner\">\n\t\t<div class=\"elementor-element elementor-element-8330754 e-con-full e-flex e-con e-child\" data-id=\"8330754\" data-element_type=\"container\" data-e-type=\"container\" data-settings=\"{&quot;background_background&quot;:&quot;classic&quot;}\">\n\t\t\t\t<div class=\"elementor-element elementor-element-38921fa elementor-widget elementor-widget-theme-site-logo elementor-widget-image\" data-id=\"38921fa\" data-element_type=\"widget\" data-e-type=\"widget\" data-widget_type=\"theme-site-logo.default\">\n\t\t\t\t<div class=\"elementor-widget-container\">\n\t\t\t\t\t\t\t\t\t\t\t<a href=\"https:\/\/chebspanama.org\/inicio\">\n\t\t\t<img decoding=\"async\" width=\"400\" height=\"100\" src=\"https:\/\/chebspanama.org\/inicio\/wp-content\/uploads\/2025\/05\/logo.png\" class=\"attachment-full size-full wp-image-58\" alt=\"\" srcset=\"https:\/\/chebspanama.org\/inicio\/wp-content\/uploads\/2025\/05\/logo.png 400w, https:\/\/chebspanama.org\/inicio\/wp-content\/uploads\/2025\/05\/logo-300x75.png 300w\" sizes=\"(max-width: 400px) 100vw, 400px\" \/>\t\t\t\t<\/a>\n\t\t\t\t\t\t\t\t\t\t\t<\/div>\n\t\t\t\t<\/div>\n\t\t\t\t<\/div>\n\t\t<div class=\"elementor-element elementor-element-67c6b48 e-con-full e-flex e-con e-child\" data-id=\"67c6b48\" data-element_type=\"container\" data-e-type=\"container\" data-settings=\"{&quot;background_background&quot;:&quot;classic&quot;}\">\n\t\t\t\t<div class=\"elementor-element elementor-element-1b614e5 elementor-widget elementor-widget-text-editor\" data-id=\"1b614e5\" data-element_type=\"widget\" data-e-type=\"widget\" data-widget_type=\"text-editor.default\">\n\t\t\t\t<div class=\"elementor-widget-container\">\n\t\t\t\t\t\t\t\t\t<p>Juan D\u00edaz, calle 4ta, transversal tercera (Bajando por la iglesia El Carmen),\u00a0Panam\u00e1, Rep\u00fablica de Panam\u00e1<\/p><p>N\u00famero de Tel\u00e9fono: 220-5815<\/p><p>E-Mail:\u00a0chebs_@hotmail.com<\/p>\t\t\t\t\t\t\t\t<\/div>\n\t\t\t\t<\/div>\n\t\t\t\t<\/div>\n\t\t\t\t\t<\/div>\n\t\t\t\t<\/div>\n\t\t\t\t<\/div>\n\t\t","protected":false},"excerpt":{"rendered":"<p>Donaciones \u00abDios ama al que da con alegr\u00eda y poderoso es para bendecirles de mil maneras, de modo que nunca les falte nada y pueden coolaborar en toda obra buena. Den con generocidad y nosotros lo transformaremos en acciones de gracias a Dios\u00bb 2 Corintios 9:7,11 \u00a1NECESITAMOS TU AYUDA! Contribuya solidariamente con la sostenibilidad de [&hellip;]<\/p>\n","protected":false},"author":1,"featured_media":0,"parent":0,"menu_order":0,"comment_status":"closed","ping_status":"closed","template":"elementor_header_footer","meta":{"footnotes":""},"class_list":["post-863","page","type-page","status-publish","hentry","entry"],"yoast_head":"<!-- This site is optimized with the Yoast SEO plugin v27.2 - https:\/\/yoast.com\/product\/yoast-seo-wordpress\/ -->\n<title>Donaciones -<\/title>\n<meta name=\"robots\" content=\"index, follow, max-snippet:-1, max-image-preview:large, max-video-preview:-1\" \/>\n<link rel=\"canonical\" href=\"https:\/\/chebspanama.org\/inicio\/donaciones-2\/\" \/>\n<meta property=\"og:locale\" content=\"es_ES\" \/>\n<meta property=\"og:type\" content=\"article\" \/>\n<meta property=\"og:title\" content=\"Donaciones -\" \/>\n<meta property=\"og:description\" content=\"Donaciones \u00abDios ama al que da con alegr\u00eda y poderoso es para bendecirles de mil maneras, de modo que nunca les falte nada y pueden coolaborar en toda obra buena. Den con generocidad y nosotros lo transformaremos en acciones de gracias a Dios\u00bb 2 Corintios 9:7,11 \u00a1NECESITAMOS TU AYUDA! Contribuya solidariamente con la sostenibilidad de [&hellip;]\" \/>\n<meta property=\"og:url\" content=\"https:\/\/chebspanama.org\/inicio\/donaciones-2\/\" \/>\n<meta property=\"article:modified_time\" content=\"2025-05-19T19:48:11+00:00\" \/>\n<meta property=\"og:image\" content=\"https:\/\/chebspanama.org\/inicio\/wp-content\/uploads\/2025\/05\/chebs1.jpg\" \/>\n\t<meta property=\"og:image:width\" content=\"800\" \/>\n\t<meta property=\"og:image:height\" content=\"534\" \/>\n\t<meta property=\"og:image:type\" content=\"image\/jpeg\" \/>\n<meta name=\"twitter:card\" content=\"summary_large_image\" \/>\n<meta name=\"twitter:label1\" content=\"Tiempo de lectura\" \/>\n\t<meta name=\"twitter:data1\" content=\"2 minutos\" \/>\n<script type=\"application\/ld+json\" class=\"yoast-schema-graph\">{\"@context\":\"https:\/\/schema.org\",\"@graph\":[{\"@type\":\"WebPage\",\"@id\":\"https:\/\/chebspanama.org\/inicio\/donaciones-2\/\",\"url\":\"https:\/\/chebspanama.org\/inicio\/donaciones-2\/\",\"name\":\"Donaciones -\",\"isPartOf\":{\"@id\":\"https:\/\/chebspanama.org\/inicio\/#website\"},\"primaryImageOfPage\":{\"@id\":\"https:\/\/chebspanama.org\/inicio\/donaciones-2\/#primaryimage\"},\"image\":{\"@id\":\"https:\/\/chebspanama.org\/inicio\/donaciones-2\/#primaryimage\"},\"thumbnailUrl\":\"https:\/\/chebspanama.org\/inicio\/wp-content\/uploads\/2025\/05\/chebs1.jpg\",\"datePublished\":\"2025-05-15T17:19:09+00:00\",\"dateModified\":\"2025-05-19T19:48:11+00:00\",\"breadcrumb\":{\"@id\":\"https:\/\/chebspanama.org\/inicio\/donaciones-2\/#breadcrumb\"},\"inLanguage\":\"es\",\"potentialAction\":[{\"@type\":\"ReadAction\",\"target\":[\"https:\/\/chebspanama.org\/inicio\/donaciones-2\/\"]}]},{\"@type\":\"ImageObject\",\"inLanguage\":\"es\",\"@id\":\"https:\/\/chebspanama.org\/inicio\/donaciones-2\/#primaryimage\",\"url\":\"https:\/\/chebspanama.org\/inicio\/wp-content\/uploads\/2025\/05\/chebs1.jpg\",\"contentUrl\":\"https:\/\/chebspanama.org\/inicio\/wp-content\/uploads\/2025\/05\/chebs1.jpg\"},{\"@type\":\"BreadcrumbList\",\"@id\":\"https:\/\/chebspanama.org\/inicio\/donaciones-2\/#breadcrumb\",\"itemListElement\":[{\"@type\":\"ListItem\",\"position\":1,\"name\":\"Portada\",\"item\":\"https:\/\/chebspanama.org\/inicio\/\"},{\"@type\":\"ListItem\",\"position\":2,\"name\":\"Donaciones\"}]},{\"@type\":\"WebSite\",\"@id\":\"https:\/\/chebspanama.org\/inicio\/#website\",\"url\":\"https:\/\/chebspanama.org\/inicio\/\",\"name\":\"\",\"description\":\"\",\"potentialAction\":[{\"@type\":\"SearchAction\",\"target\":{\"@type\":\"EntryPoint\",\"urlTemplate\":\"https:\/\/chebspanama.org\/inicio\/?s={search_term_string}\"},\"query-input\":{\"@type\":\"PropertyValueSpecification\",\"valueRequired\":true,\"valueName\":\"search_term_string\"}}],\"inLanguage\":\"es\"}]}<\/script>\n<!-- \/ Yoast SEO plugin. -->","yoast_head_json":{"title":"Donaciones -","robots":{"index":"index","follow":"follow","max-snippet":"max-snippet:-1","max-image-preview":"max-image-preview:large","max-video-preview":"max-video-preview:-1"},"canonical":"https:\/\/chebspanama.org\/inicio\/donaciones-2\/","og_locale":"es_ES","og_type":"article","og_title":"Donaciones -","og_description":"Donaciones \u00abDios ama al que da con alegr\u00eda y poderoso es para bendecirles de mil maneras, de modo que nunca les falte nada y pueden coolaborar en toda obra buena. Den con generocidad y nosotros lo transformaremos en acciones de gracias a Dios\u00bb 2 Corintios 9:7,11 \u00a1NECESITAMOS TU AYUDA! Contribuya solidariamente con la sostenibilidad de [&hellip;]","og_url":"https:\/\/chebspanama.org\/inicio\/donaciones-2\/","article_modified_time":"2025-05-19T19:48:11+00:00","og_image":[{"width":800,"height":534,"url":"https:\/\/chebspanama.org\/inicio\/wp-content\/uploads\/2025\/05\/chebs1.jpg","type":"image\/jpeg"}],"twitter_card":"summary_large_image","twitter_misc":{"Tiempo de lectura":"2 minutos"},"schema":{"@context":"https:\/\/schema.org","@graph":[{"@type":"WebPage","@id":"https:\/\/chebspanama.org\/inicio\/donaciones-2\/","url":"https:\/\/chebspanama.org\/inicio\/donaciones-2\/","name":"Donaciones -","isPartOf":{"@id":"https:\/\/chebspanama.org\/inicio\/#website"},"primaryImageOfPage":{"@id":"https:\/\/chebspanama.org\/inicio\/donaciones-2\/#primaryimage"},"image":{"@id":"https:\/\/chebspanama.org\/inicio\/donaciones-2\/#primaryimage"},"thumbnailUrl":"https:\/\/chebspanama.org\/inicio\/wp-content\/uploads\/2025\/05\/chebs1.jpg","datePublished":"2025-05-15T17:19:09+00:00","dateModified":"2025-05-19T19:48:11+00:00","breadcrumb":{"@id":"https:\/\/chebspanama.org\/inicio\/donaciones-2\/#breadcrumb"},"inLanguage":"es","potentialAction":[{"@type":"ReadAction","target":["https:\/\/chebspanama.org\/inicio\/donaciones-2\/"]}]},{"@type":"ImageObject","inLanguage":"es","@id":"https:\/\/chebspanama.org\/inicio\/donaciones-2\/#primaryimage","url":"https:\/\/chebspanama.org\/inicio\/wp-content\/uploads\/2025\/05\/chebs1.jpg","contentUrl":"https:\/\/chebspanama.org\/inicio\/wp-content\/uploads\/2025\/05\/chebs1.jpg"},{"@type":"BreadcrumbList","@id":"https:\/\/chebspanama.org\/inicio\/donaciones-2\/#breadcrumb","itemListElement":[{"@type":"ListItem","position":1,"name":"Portada","item":"https:\/\/chebspanama.org\/inicio\/"},{"@type":"ListItem","position":2,"name":"Donaciones"}]},{"@type":"WebSite","@id":"https:\/\/chebspanama.org\/inicio\/#website","url":"https:\/\/chebspanama.org\/inicio\/","name":"","description":"","potentialAction":[{"@type":"SearchAction","target":{"@type":"EntryPoint","urlTemplate":"https:\/\/chebspanama.org\/inicio\/?s={search_term_string}"},"query-input":{"@type":"PropertyValueSpecification","valueRequired":true,"valueName":"search_term_string"}}],"inLanguage":"es"}]}},"_links":{"self":[{"href":"https:\/\/chebspanama.org\/inicio\/wp-json\/wp\/v2\/pages\/863","targetHints":{"allow":["GET"]}}],"collection":[{"href":"https:\/\/chebspanama.org\/inicio\/wp-json\/wp\/v2\/pages"}],"about":[{"href":"https:\/\/chebspanama.org\/inicio\/wp-json\/wp\/v2\/types\/page"}],"author":[{"embeddable":true,"href":"https:\/\/chebspanama.org\/inicio\/wp-json\/wp\/v2\/users\/1"}],"replies":[{"embeddable":true,"href":"https:\/\/chebspanama.org\/inicio\/wp-json\/wp\/v2\/comments?post=863"}],"version-history":[{"count":88,"href":"https:\/\/chebspanama.org\/inicio\/wp-json\/wp\/v2\/pages\/863\/revisions"}],"predecessor-version":[{"id":960,"href":"https:\/\/chebspanama.org\/inicio\/wp-json\/wp\/v2\/pages\/863\/revisions\/960"}],"wp:attachment":[{"href":"https:\/\/chebspanama.org\/inicio\/wp-json\/wp\/v2\/media?parent=863"}],"curies":[{"name":"wp","href":"https:\/\/api.w.org\/{rel}","templated":true}]}}